0
Convert 1110100 (base 2) to base 14.
84
-15 (base 15) to base 3
-202
What is -109 (base 16) in base 3?
-100211
20 (base 13) to base 11
24
What is -1 (base 13) in base 11?
-1
4 (base 9) to base 2
100
Convert -12021 (base 3) to base 12.
-ba
What is -75 (base 10) in base 11?
-69
Convert -b (base 15) to base 3.
-102
-9 (base 12) to base 15
-9
Convert 21 (base 8) to base 2.
10001
-10101 (base 2) to base 16
-15
What is 1102 (base 3) in base 11?
35
What is 12 (base 13) in base 9?
16
What is 13 (base 9) in base 12?
10
What is -2 (base 4) in base 12?
-2
1001000 (base 2) to base 10
72
Convert -2 (base 13) to base 10.
-2
Convert -1 (base 15) to base 16.
-1
30 (base 9) to base 11
25
What is -39 (base 12) in base 5?
-140
Convert 52 (base 10) to base 13.
40
What is 39 (base 14) in base 15?
36
What is 4 (base 7) in base 15?
4
Convert -113 (base 6) to base 2.
-101101
What is 111 (base 6) in base 5?
133
-1 (base 2) to base 3
-1
What is 220 (base 6) in base 14?
60
17 (base 11) to base 16
12
What is -1 (base 8) in base 3?
-1
What is -3 (base 4) in base 10?
-3
What is -2 (base 11) in base 2?
-10
Convert 22 (base 3) to base 9.
8
Convert -8 (base 16) to base 9.
-8
Convert 4d (base 14) to base 5.
234
Convert -2 (base 4) to base 11.
-2
Convert 234 (base 6) to base 15.
64
-4 (base 12) to base 5
-4
What is -3 (base 12) in base 9?
-3
1 (base 3) to base 13
1
Convert 86 (base 9) to base 7.
141
-a5 (base 12) to base 8
-175
-12 (base 11) to base 12
-11
Convert -12 (base 9) to base 2.
-1011
Convert 14 (base 7) to base 4.
23
-11100010 (base 2) to base 13
-145
What is 19 (base 14) in base 2?
10111
Convert 104 (base 12) to base 3.
12111
What is 10 (base 3) in base 12?
3
Convert 0 (base 12) to base 9.
0
19 (base 13) to base 10
22
What is -3 (base 11) in base 12?
-3
-3 (base 15) to base 12
-3
Convert -232 (base 5) to base 7.
-124
Convert -19 (base 15) to base 4.
-120
-10 (base 5) to base 9
-5
0 (base 6) to base 3
0
Convert -143 (base 6) to base 7.
-120
What is -4 (base 9) in base 4?
-10
What is 23 (base 4) in base 14?
b
25 (base 10) to base 5
100
Convert -6c (base 15) to base 7.
-204
-1 (base 9) to base 11
-1
-3 (base 7) to base 12
-3
Convert 5 (base 16) to base 10.
5
Convert 37 (base 9) to base 4.
202
-1 (base 16) to base 5
-1
98 (base 12) to base 15
7b
5b (base 12) to base 14
51
What is 101010 (base 2) in base 10?
42
What is 12 (base 5) in base 16?
7
Convert -103 (base 10) to base 13.
-7c
-2 (base 6) to base 12
-2
Convert 10022 (base 3) to base 5.
324
What is 10 (base 4) in base 12?
4
Convert -10 (base 5) to base 8.
-5
Convert -12 (base 3) to base 12.
-5
Convert 100 (base 6) to base 9.
40
220 (base 10) to base 11
190
-39 (base 16) to base 15
-3c
What is 2 (base 5) in base 4?
2
-1101 (base 2) to base 5
-23
-3 (base 13) to base 11
-3
What is 123 (base 10) in base 8?
173
-a (base 16) to base 9
-11
Convert 3 (base 10) to base 8.
3
4 (base 7) to base 2
100
Convert -2 (base 10) to base 15.
-2
15 (base 14) to base 11
18
What is -25 (base 16) in base 14?
-29
-23 (base 5) to base 14
-d
-23 (base 13) to base 2
-11101
Convert 12 (base 5) to base 2.
111
What is 1a (base 11) in base 9?
23
What is 1 (base 3) in base 4?
1
Convert -1 (base 13) to base 8.
-1
What is 6 (base 14) in base 7?
6
Convert 3 (base 6) to base 12.
3
3 (base 13) to base 14
3
Convert 2 (base 4) to base 13.
2
What is 152 (base 8) in base 4?
1222
What is -45 (base 8) in base 4?
-211
Convert 2 (base 13) to base 9.
2
What is -31 (base 4) in base 2?
-1101
Convert -128 (base 13) to base 8.
-313
Convert -10 (base 6) to base 5.
-11
0 (base 4) to base 6
0
Convert 10011001 (base 2) to base 8.
231
What is 12 (base 7) in base 8?
11
What is -201 (base 3) in base 4?
-103
What is -da (base 14) in base 13?
-11a
Convert 12111 (base 3) to base 9.
174
-1 (base 14) to base 4
-1
What is 0 (base 14) in base 4?
0
What is 21 (base 10) in base 11?
1a
-404 (base 6) to base 16
-94
What is -75 (base 10) in base 13?
-5a
-67 (base 10) to base 14
-4b
-3 (base 10) to base 16
-3
-80 (base 9) to base 6
-200
Convert -2 (base 14) to base 6.
-2
What is 30 (base 9) in base 11?
25
What is 9 (base 13) in base 14?
9
-13 (base 10) to base 14
-d
What is 8 (base 10) in base 15?
8
41 (base 11) to base 3
1200
Convert 5d (base 16) to base 12.
79
What is 310 (base 4) in base 6?
124
1 (base 13) to base 7
1
-7 (base 16) to base 15
-7
Convert 10111001 (base 2) to base 4.
2321
-176 (base 8) to base 12
-a6
-1442 (base 5) to base 12
-187
Convert 0 (base 16) to base 3.
0
What is -35 (base 10) in base 16?
-23
Convert -140 (base 5) to base 11.
-41
-110 (base 8) to base 15
-4c
What is 6 (base 7) in base 15?
6
What is -c (base 15) in base 9?
-13
Convert -100 (base 2) to base 10.
-4
-2 (base 12) to base 14
-2
Convert -231 (base 5) to base 9.
-73
-17 (base 14) to base 13
-18
Convert -1001101 (base 2) to base 5.
-302
-13 (base 13) to base 4
-100
7 (base 14) to base 15
7
23 (base 8) to base 15
14
What is -3 (base 4) in base 11?
-3
10 (base 4) to base 6
4
Convert 26 (base 8) to base 9.
24
-10 (base 12) to base 6
-20
-11 (base 10) to base 12
-b
-3 (base 15) to base 3
-10
What is -6 (base 8) in base 3?
-20
What is -142 (base 7) in base 5?
-304
0 (base 6) to base 15
0
Convert 38 (base 12) to base 9.
48
-1 (base 7) to base 15
-1
What is 14 (base 6) in base 2?
1010
0 (base 11) to base 12
0
-32 (base 6) to base 5
-40
What is 30 (base 6) in base 2?
10010
Convert -13 (base 5) to base 16.
-8
What is -110 (base 2) in base 12?
-6
Convert -5 (base 6) to base 14.
-5
Convert -10010100 (base 2) to base 7.
-301
Convert -1121 (base 3) to base 6.
-111
296 (base 12) to base 6
1510
What is 253 (base 8) in base 15?
b6
-2 (base 6) to base 13
-2
Convert 1 (base 10) to base 9.
1
-100110 (base 2) to base 7
-53
Convert -3 (base 12) to base 13.
-3
Convert 0 (base 12) to base 13.
0
What is 7 (base 10) in base 3?
21
What is -66 (base 10) in base 5?
-231
What is -112 (base 3) in base 13?
-11
What is 14 (base 7) in base 14?
b
11001 (base 2) to base 12
21
-223 (base 7) to base 5
-430
22 (base 12) to base 7
35
What is 8 (base 10) in base 12?
8
What is -11 (base 15) in base 6?
-24
What is 1 (base 7) in base 6?
1
-5 (base 13) to base 3
-12
What is -6a (base 16) in base 3?
-10221
Convert 2 (base 9) to base 14.
2
What is -45 (base 9) in base 4?
-221
-50 (base 6) to base 14
-22
Convert 5 (base 15) to base 4.
11
47 (base 12) to base 14
3d
-12 (base 13) to base 16
-f
4 (base 13) to base 12
4
What is 13 (base 7) in base 15?
a
What is -1110001 (base 2) in base 4?
-1301
26 (base 8) to base 7
31
3 (base 6) to base 4
3
12 (base 4) to base 2
110
Convert 35 (base 15) to base 3.
1212
0 (base 11) to base 14
0
What is -20 (base 5) in base 12?
-a
Convert -205 (base 9) to base 3.
-20012
What is -6 (base 11) in base 8?
-6
What is 2 (base 3) in base 15?
2
13 (base 16) to base 4
103
Convert 1101 (base 2) to base 4.
31
-16 (base 12) to base 4
-102
28 (base 10) to base 6
44
What is -4 (base 8) in base 13?
-4
Convert 3 (base 7) to base 15.
3
Convert -2 (base 8) to base 12.
-2
Convert 1011011 (base 2) to base 12.
77
2 (base 15) to base 5
2
What is 24 (base 16) in base 11?
33
151 (base 8) to base 5
410
What is -3 (base 15) in base 16?
-3
What is 11 (base 5) in base 14?
6
What is 109 (base 13) in base 7?
343
Convert 1 (base 9) to base 12.
1
Convert -133 (base 4) to base 6.
-51
10 (base 2) to base 6
2
Convert -111 (base 2) to base 13.
-7
Convert 6 (base 13) to base 2.
110
192 (base 11) to base 4
3132
Convert 123 (base 15) to base 10.
258
Convert -b (base 14) to base 8.
-13
What is 218 (base 9) in base 5?
1204
Convert -e7 (base 15) to base 8.
-331
What is -2 (base 6) in base 16?
-2
Convert 115 (base 12) to base 16.
a1
What is -227 (base 9) in base 11?
-160
-111 (base 2) to base 9
-7
Convert 10111111 (base 2) to base 13.
119
What is -1 (base 13) in base 9?
-1
What is 2 (base 4) in base 5?
2
What is -10 (base 15) in base 9?
-16
Convert -99 (base 10) to base 3.
-10200
14 (base 13) to base 3
122
Convert -230 (base 5) to base 4.
-1001
What is 3 (base 16) in base 10?
3
What is b (base 16) in base 11?
10
What is 42 (base 5) in base 12?
1a
-12 (base 15) to base 11
-16
What is -2 (base 13) in base 6?
-2
What is -1 (base 12) in base 14?
-1
Convert 20 (base 3) to base 9.
6
What is -6 (base 15) in base 2?
-110
Convert 3b (base 12) to base 6.
115
Conver